{"id":6,"date":"2022-02-04T09:52:51","date_gmt":"2022-02-04T08:52:51","guid":{"rendered":"http:\/\/digitale-stadtgeschichten.de\/wordpress\/?page_id=6"},"modified":"2022-06-21T11:26:30","modified_gmt":"2022-06-21T09:26:30","slug":"das-neue-museum-oeffnet-seine-tueren-2","status":"publish","type":"page","link":"https:\/\/digitale-stadtgeschichten.de\/wordpress\/","title":{"rendered":"Heimatgeschichte erfahrbar machen"},"content":{"rendered":"\n<div class=\"wp-block-group\"><div class=\"wp-block-group__inner-container is-layout-flow wp-block-group-is-layout-flow\">\n<p class=\"has-text-align-left\">Die Stadt Freudenberg kann auf eine fast 1000j\u00e4hrige wechselvolle Geschichte zur\u00fcckblicken. Ihre Altstadt, der \u201eAlte Flecken\u201c, hat deshalb unter den sch\u00fctzenswerten Denkmalen und Stadtkernen einen \u00fcberragenden Rang und wurde im Kulturatlas des Landes Nordrhein-Westfalen als &#8222;Baudenkmal von internationaler Bedeutung&#8220; aufgenommen. Die technisch fortschreitende Digitalisierung der Gesellschaft bietet uns nun die Gelegenheit, unsere Heimatgeschichte auch erfahrbar zu machen. Einmal das Leben in anderen Zeiten hautnah erleben. Bald kann man sich diesen Traum in Freudenberg erf\u00fcllen. Entstehen soll ein<br> virtuelles Informationssystem mit Rundg\u00e4ngen, gef\u00fchrt von dargestellten historischen, aber eben \u201evirtuellen\u201c Pers\u00f6nlichkeiten, die den Nutzern das Gef\u00fchl vermitteln, sie seien mittendrin im Geschehen. Die Erfahrung sollte so immersiv und realistisch wie m\u00f6glich sein und es auch mehreren Nutzern erlauben, die Erfahrung gemeinsam zu erleben.<\/p>\n\n\n\n<figure class=\"wp-block-embed is-type-rich is-provider-handler-einbetten wp-block-embed-handler-einbetten wp-embed-aspect-16-9 wp-has-aspect-ratio\"><div class=\"wp-block-embed__wrapper\">\n<iframe loading=\"lazy\" title=\"3-Sterne-Projekt REGIONALE 2025 \/\/ Digitale Stadtgeschichte(n) \u2013Unsere Heimatgeschichte live erleben\" width=\"800\" height=\"450\" src=\"https:\/\/www.youtube.com\/embed\/VYbckQdjGWY?feature=oembed\" frameborder=\"0\" allow=\"accelerometer; autoplay; clipboard-write; encrypted-media; gyroscope; picture-in-picture\" allowfullscreen><\/iframe>\n<\/div><\/figure>\n\n\n\n<p><\/p>\n<\/div><\/div>\n\n\n\n<div class=\"wp-block-group alignwide\"><div class=\"wp-block-group__inner-container is-layout-flow wp-block-group-is-layout-flow\">\n<h2 class=\"has-text-align-center has-accent-color has-text-color wp-block-heading\" id=\"wenn-der-wind-der-veranderung-weht-bauen-die-einen-mauern-die-anderen-windmuhlen\">\u201dWenn der <strong>Wind<\/strong> der Ver\u00e4nderung weht, bauen die einen Mauern, die anderen Windm\u00fchlen\u201c<\/h2>\n<\/div><\/div>\n\n\n\n<p class=\"has-drop-cap\">Auf digitalen Wegen in die Geschichte: Der historische Stadtkern und die Stadtgeschichte Freudenbergs sollen digital erlebbar gemacht werden. Wir als Stadt arbeiten daf\u00fcr mit Theatervereinen und Schulen vor Ort zusammen. Um die Heimatgeschichten der Freudenberger und ihrer Stadt digital in einer App erlebbar zu machen, wird eine \u201eAugmented-Reality\u201c-Anwendung genutzt. Die f\u00fcr Android und IOS verf\u00fcgbare App soll beispielweise Zeitzeugen der Geschichte als Hologramme im st\u00e4dtischen Umfeld erscheinen lassen. Es werden also nicht nur historische Bilder zu sehen sein, auch die Geschichte der Geb\u00e4ude wird in <strong>kleinen Spielszenen<\/strong> entwickelt, gespielt und gefilmt werden. In einem offenen Kreativ-Prozess sollen interessierte B\u00fcrger*innen eingeladen werden, die geschichtlichen Inhalte der App zu erarbeiten, die dann, nach einer entsprechenden Dramatisierung, in einer zweiten Phase durch &nbsp;Schauspieler\/innen umgesetzt werden sollen. &nbsp;Auch Sch\u00fcler*innen werden beteiligt und so an die Heimatgeschichte herangef\u00fchrt.<\/p>\n\n\n\n<div class=\"wp-block-columns alignwide is-layout-flex wp-container-core-columns-is-layout-9d6595d7 wp-block-columns-is-layout-flex\">\n<div class=\"wp-block-column is-layout-flow wp-block-column-is-layout-flow\">\n<div class=\"wp-block-group\"><div class=\"wp-block-group__inner-container is-layout-flow wp-block-group-is-layout-flow\">\n<figure class=\"wp-block-image alignfull size-full is-style-rounded\"><img loading=\"lazy\" decoding=\"async\" width=\"800\" height=\"578\" src=\"http:\/\/digitale-stadtgeschichten.de\/wordpress\/wp-content\/uploads\/2022\/02\/output6.jpg\" alt=\"\" class=\"wp-image-45\" srcset=\"https:\/\/digitale-stadtgeschichten.de\/wordpress\/wp-content\/uploads\/2022\/02\/output6.jpg 800w, https:\/\/digitale-stadtgeschichten.de\/wordpress\/wp-content\/uploads\/2022\/02\/output6-300x217.jpg 300w, https:\/\/digitale-stadtgeschichten.de\/wordpress\/wp-content\/uploads\/2022\/02\/output6-768x555.jpg 768w\" sizes=\"auto, (max-width: 800px) 100vw, 800px\" \/><\/figure>\n\n\n\n<h3 class=\"wp-block-heading\" id=\"heimatgeschichtliche-werkstatt\">Heimatgeschichtliche Werkstatt<\/h3>\n\n\n\n<p>1. Quartal 2022<\/p>\n\n\n\n<div class=\"wp-block-button is-style-outline is-style-outline--1\"><a class=\"wp-block-button__link\" href=\"http:\/\/digitale-stadtgeschichten.de\/wordpress\/anmeldung-zur-heimatgeschichtlichen-werkstatt\/\" target=\"_blank\" rel=\"noreferrer noopener\">Anmelden<\/a><\/div>\n<\/div><\/div>\n\n\n\n<div class=\"wp-block-group\"><div class=\"wp-block-group__inner-container is-layout-flow wp-block-group-is-layout-flow\"><\/div><\/div>\n<\/div>\n\n\n\n<div class=\"wp-block-column is-layout-flow wp-block-column-is-layout-flow\">\n<div class=\"wp-block-group\"><div class=\"wp-block-group__inner-container is-layout-flow wp-block-group-is-layout-flow\">\n<figure class=\"wp-block-image alignfull size-harrison-horizontal-list-post is-style-rounded\"><img loading=\"lazy\" decoding=\"async\" width=\"960\" height=\"683\" src=\"http:\/\/digitale-stadtgeschichten.de\/wordpress\/wp-content\/uploads\/2022\/02\/Proben3_resize-960x683.jpg\" alt=\"\" class=\"wp-image-46\"\/><\/figure>\n\n\n\n<h3 class=\"wp-block-heading\" id=\"schauspielworkshop\">Schauspielworkshop<\/h3>\n\n\n\n<p>3. Quartal 2022<\/p>\n\n\n\n<div class=\"wp-block-button is-style-outline is-style-outline--2\"><a class=\"wp-block-button__link\">Weiterlesen<\/a><\/div>\n<\/div><\/div>\n<\/div>\n<\/div>\n\n\n\n<h2 class=\"has-text-align-center has-accent-color has-text-color wp-block-heading\">\u201dWir behalten von unseren Studien am Ende doch nur das, was wir praktisch anwenden.\u201c <\/h2>\n\n\n\n<p>Die Handlungsfelder &#8222;Bildung&#8220; und &#8222;Digitalisierung&#8220; genie\u00dfen in Freudenberg eine hohe Priorit\u00e4t und sind im Leitbild der Stadt verankert. Die Grundidee des Projektes, die aktive Zivilgesellschaft in ihrem ehrenamtlichen Engagement zu unterst\u00fctzen, die Zukunft unserer Heimat in S\u00fcdwestfalen zu gestalten, ihr Image zu verbessern und dabei Probleme mit Hilfe der Digitalisierung gemeinsam zu l\u00f6sen, ist aber sicherlich \u00fcbertragbar auf viele St\u00e4dte und Gemeinden in der Region. Deshalb soll der Einsatz der noch zu entwickelnden Technik im Ehrenamts- und Bildungsbereich, die Herstellung entsprechender Medieninhalte und die Akzeptanz bei Zielgruppen durch eine Dokumentation dieses Projektes gut nachvollziehbar und schnell \u00fcbertragbar gemacht werden.<\/p>\n\n\n<div class=\"wp-block-image\">\n<figure class=\"aligncenter size-full is-resized\"><a href=\"https:\/\/www.mhkbg.nrw\/themen\/heimat\/heimat-foerderprogramm\"><img loading=\"lazy\" decoding=\"async\" src=\"http:\/\/digitale-stadtgeschichten.de\/wordpress\/wp-content\/uploads\/2022\/03\/Heimat_Wort_Bild_Marke.1jpg-2.jpg\" alt=\"\" class=\"wp-image-170\" width=\"620\" height=\"212\" srcset=\"https:\/\/digitale-stadtgeschichten.de\/wordpress\/wp-content\/uploads\/2022\/03\/Heimat_Wort_Bild_Marke.1jpg-2.jpg 620w, https:\/\/digitale-stadtgeschichten.de\/wordpress\/wp-content\/uploads\/2022\/03\/Heimat_Wort_Bild_Marke.1jpg-2-300x103.jpg 300w\" sizes=\"auto, (max-width: 620px) 100vw, 620px\" \/><\/a><figcaption>Das Projekt wird gef\u00f6rdert durch das Programm &#8222;Heimat-Werkstatt&#8220; <br>des Ministeriums f\u00fcr Heimat, Kommunales, Bau- und Gleichstellung des Landes NRW<\/figcaption><\/figure>\n<\/div>\n\n\n<p><\/p>\n\n\n\n<p><\/p>\n\n\n\n<div class=\"wp-block-group alignwide has-background\" style=\"background-color:#ffffff\"><div class=\"wp-block-group__inner-container is-layout-flow wp-block-group-is-layout-flow\">\n<div class=\"wp-block-group\"><div class=\"wp-block-group__inner-container is-layout-flow wp-block-group-is-layout-flow\">\n<h2 class=\"has-text-align-center has-accent-color has-text-color wp-block-heading\" id=\"werde-mitglied-und-erhalte-exklusive-angebote\">Mach mit!<\/h2>\n\n\n\n<p class=\"has-text-align-center\">In der Entwicklungsphase sollen in Workshops mit interessierten B\u00fcrgerinnen und B\u00fcrgern und Vereinen die geschichtlichen Inhalte und ihre m\u00f6glichen \u00d6rtlichkeiten (Location-Based AR) erarbeitet werden. Die B\u00fcrgerinnen und B\u00fcrger kommen zusammen und entwickeln gemeinsam interessante Themen der Stadtgeschichte. Der Prozess ist ergebnisoffen und orientiert sich an den Kenntnissen und Interessen der Teilnehmenden. Am Ende dieser \u201eIdeenschmiede\u201c sollen konkrete Themen f\u00fcr Spielszenen entstehen, die in der n\u00e4chsten Phase umgesetzt werden.<\/p>\n<\/div><\/div>\n<\/div><\/div>\n\n\n\n<figure class=\"wp-block-gallery alignwide has-nested-images columns-default is-cropped wp-block-gallery-3 is-layout-flex wp-block-gallery-is-layout-flex\">\n<figure class=\"wp-block-image size-large\"><img loading=\"lazy\" decoding=\"async\" width=\"678\" height=\"452\" data-id=\"53\" src=\"http:\/\/digitale-stadtgeschichten.de\/wordpress\/wp-content\/uploads\/2022\/02\/output67789.jpg\" alt=\"\" class=\"wp-image-53\" srcset=\"https:\/\/digitale-stadtgeschichten.de\/wordpress\/wp-content\/uploads\/2022\/02\/output67789.jpg 678w, https:\/\/digitale-stadtgeschichten.de\/wordpress\/wp-content\/uploads\/2022\/02\/output67789-300x200.jpg 300w\" sizes=\"auto, (max-width: 678px) 100vw, 678px\" \/><\/figure>\n<\/figure>\n","protected":false},"excerpt":{"rendered":"<p>Die Stadt Freudenberg kann auf eine fast 1000j\u00e4hrige wechselvolle Geschichte zur\u00fcckblicken. Ihre Altstadt, der \u201eAlte Flecken\u201c, hat deshalb unter den sch\u00fctzenswerten Denkmalen und Stadtkernen einen [&#8230;]<\/p>\n","protected":false},"author":1,"featured_media":66,"parent":0,"menu_order":0,"comment_status":"closed","ping_status":"closed","template":"","meta":{"footnotes":""},"class_list":["post-6","page","type-page","status-publish","has-post-thumbnail","hentry"],"_links":{"self":[{"href":"https:\/\/digitale-stadtgeschichten.de\/wordpress\/wp-json\/wp\/v2\/pages\/6","targetHints":{"allow":["GET"]}}],"collection":[{"href":"https:\/\/digitale-stadtgeschichten.de\/wordpress\/wp-json\/wp\/v2\/pages"}],"about":[{"href":"https:\/\/digitale-stadtgeschichten.de\/wordpress\/wp-json\/wp\/v2\/types\/page"}],"author":[{"embeddable":true,"href":"https:\/\/digitale-stadtgeschichten.de\/wordpress\/wp-json\/wp\/v2\/users\/1"}],"replies":[{"embeddable":true,"href":"https:\/\/digitale-stadtgeschichten.de\/wordpress\/wp-json\/wp\/v2\/comments?post=6"}],"version-history":[{"count":40,"href":"https:\/\/digitale-stadtgeschichten.de\/wordpress\/wp-json\/wp\/v2\/pages\/6\/revisions"}],"predecessor-version":[{"id":187,"href":"https:\/\/digitale-stadtgeschichten.de\/wordpress\/wp-json\/wp\/v2\/pages\/6\/revisions\/187"}],"wp:featuredmedia":[{"embeddable":true,"href":"https:\/\/digitale-stadtgeschichten.de\/wordpress\/wp-json\/wp\/v2\/media\/66"}],"wp:attachment":[{"href":"https:\/\/digitale-stadtgeschichten.de\/wordpress\/wp-json\/wp\/v2\/media?parent=6"}],"curies":[{"name":"wp","href":"https:\/\/api.w.org\/{rel}","templated":true}]}}